rue
Is 9330 a multiple of 10?
True
Is 154 a multiple of 5?
False
Is 31 a factor of 7440?
True
Does 7 divide 504?
True
Does 8 divide 608?
True
Is 121 a factor of 8470?
True
Does 4 divide 373?
False
Is 15 a factor of 53313?
False
Is 333 a multiple of 130?
False
Is 38 a factor of 6112?
False
Does 39 divide 2933?
False
Does 11 divide 957?
True
Is 1008 a multiple of 6?
True
Is 15 a factor of 745?
False
Does 9 divide 2484?
True
Is 64740 a multiple of 20?
True
Is 16 a factor of 17248?
True
Is 6264 a multiple of 14?
False
Does 14 divide 2660?
True
Is 4846 a multiple of 28?
False
Is 2 a factor of 38?
True
Is 26625 a multiple of 81?
False
Does 40 divide 840?
True
Is 78 a factor of 1404?
True
Is 32441 a multiple of 122?
False
Is 16 a factor of 1379?
False
Does 34 divide 1530?
True
Does 151 divide 22952?
True
Does 26 divide 208?
True
Is 104 a factor of 33904?
True
Is 6027 a multiple of 24?
False
Is 126 a factor of 2899?
False
Is 4436 a multiple of 6?
False
Is 125 a factor of 9795?
False
Is 9 a factor of 2684?
False
Is 245 a multiple of 5?
True
Does 75 divide 3969?
False
Is 24717 a multiple of 218?
False
Is 28 a factor of 295?
False
Does 15 divide 12270?
True
Is 52 a factor of 572?
True
Is 34 a factor of 2516?
True
Is 910 a multiple of 34?
False
Is 1254 a multiple of 33?
True
Is 32258 a multiple of 11?
False
Is 89 a factor of 1335?
True
Does 58 divide 1368?
False
Does 57 divide 804?
False
Does 22 divide 15278?
False
Is 41 a factor of 836?
False
Does 16 divide 40687?
False
Does 94 divide 188?
True
Is 98893 a multiple of 12?
False
Is 10 a factor of 12141?
False
Does 57 divide 3465?
False
Does 131 divide 5371?
True
Is 6735 a multiple of 16?
False
Does 6 divide 4232?
False
Does 11 divide 7089?
False
Is 13 a factor of 2145?
True
Is 1464 a multiple of 4?
True
Is 26 a factor of 962?
True
Is 13 a factor of 101270?
True
Does 44 divide 176?
True
Does 17 divide 28763?
False
Is 50 a factor of 8450?
True
Is 23 a factor of 1605?
False
Is 134 a factor of 5696?
False
Does 30 divide 450?
True
Does 11 divide 400?
False
Does 3 divide 6591?
True
Is 1056 a multiple of 37?
False
Does 15 divide 195?
True
Is 16 a factor of 51487?
False
Is 7 a factor of 25764?
False
Does 65 divide 780?
True
Is 7348 a multiple of 40?
False
Is 14 a factor of 594?
False
Is 7 a factor of 808?
False
Is 24 a factor of 2232?
True
Is 156 even?
True
Is 18 a factor of 1626?
False
Does 73 divide 30094?
False
Is 10731 a multiple of 21?
True
Does 14 divide 2791?
False
Is 1017 a multiple of 11?
False
Is 6 a factor of 972?
True
Is 16 a factor of 3840?
True
Is 18 a factor of 1789?
False
Is 33 a factor of 264?
True
Is 19 a factor of 2815?
False
Is 115 a factor of 2760?
True
Is 1236 a multiple of 20?
False
Is 11 a factor of 209?
True
Is 13 a factor of 654?
False
Does 115 divide 460?
True
Is 22306 a multiple of 38?
True
Is 109 a multiple of 14?
False
Is 933 a multiple of 3?
True
Is 10 a factor of 38207?
False
Does 12 divide 3532?
False
Is 1533 a multiple of 3?
True
Is 8 a factor of 483?
False
Is 429 a multiple of 19?
False
Is 22 a factor of 3146?
True
Is 4845 a multiple of 95?
True
Is 6 a factor of 13182?
True
Does 12 divide 588?
True
Does 24 divide 2880?
True
Does 22 divide 144989?
False
Does 29 divide 3248?
True
Does 10 divide 1070?
True
Does 100 divide 133100?
True
Does 411 divide 52776?
False
Does 65 divide 325?
True
Is 60975 a multiple of 14?
False
Is 2 a factor of 95?
False
Is 869 a multiple of 11?
True
Does 15 divide 236?
False
Does 38 divide 1654?
False
Is 3026 a multiple of 17?
True
Is 1250 a multiple of 2?
True
Is 19 a factor of 4601?
False
Is 23 a factor of 6440?
True
Is 150 a multiple of 30?
True
Is 976 a multiple of 61?
True
Does 19 divide 874?
True
Does 14 divide 3141?
False
Is 29 a factor of 1390?
False
Is 735 a multiple of 15?
True
Is 3108 a multiple of 6?
True
Does 98 divide 10192?
True
Is 13231 a multiple of 101?
True
Is 568 a multiple of 24?
False
Is 52 a factor of 2184?
True
Does 9 divide 1077?
False
Is 11 a factor of 330?
True
Is 56 a factor of 17287?
False
Does 33 divide 858?
True
Is 33 a factor of 67428?
False
Does 21 divide 861?
True
Does 15 divide 76080?
True
Does 97 divide 4157?
False
Is 20370 a multiple of 21?
True
Is 4304 a multiple of 86?
False
Is 31 a factor of 372?
True
Is 19071 a multiple of 7?
False
Does 18 divide 1413?
False
Is 3432 a multiple of 39?
True
Does 6 divide 432?
True
Is 22 even?
True
Is 1280 a multiple of 8?
True
Does 24 divide 23344?
False
Is 881 a multiple of 16?
False
Does 28 divide 812?
True
Is 10116 a multiple of 12?
True
Is 39 a factor of 4836?
True
Does 19 divide 30000?
False
Is 336 a multiple of 104?
False
Does 17 divide 10981?
False
Is 9 a factor of 66335?
False
Is 27 a factor of 2879?
False
Is 49088 a multiple of 59?
True
Is 32 a factor of 192?
True
Is 11515 a multiple of 78?
False
Is 4 a factor of 64?
True
Is 98 a factor of 6762?
True
Is 104 a factor of 1961?
False
Does 11 divide 1877?
False
Does 11 divide 15411?
True
Is 382 a factor of 28904?
False
Is 68 a multiple of 17?
True
Is 163 a multiple of 7?
False
Is 70 a factor of 44000?
False
Is 124 a factor of 7688?
True
Does 45 divide 2212?
False
Does 16 divide 1395?
False
Is 4524 a multiple of 26?
True
Is 6 a factor of 1800?
True
Is 20328 a multiple of 51?
False
Is 2167 a multiple of 6?
False
Does 9 divide 144?
True
Does 17 divide 69498?
False
Is 42 a factor of 5628?
True
Does 43 divide 1075?
True
Does 20 divide 4356?
False
Is 15 a factor of 270?
True
Is 1440 a multiple of 30?
True
Does 5 divide 26447?
False
Is 350 a multiple of 2?
True
Is 49 a multiple of 49?
True
Is 8 a factor of 112?
True
Is 503 a multiple of 57?
False
Is 6073 even?
False
Is 127 a multiple of 2?
False
Does 154 divide 17710?
True
Is 12 a factor of 3408?
True
Is 22452 a multiple of 82?
False
Is 271 a multiple of 9?
False
Is 1439 a multiple of 13?
False
Is 866 a multiple of 82?
False
Does 44 divide 17072?
True
Is 1140 a multiple of 114?
True
Does 83 divide 2241?
True
Is 286 a multiple of 13?
True
Is 32 a factor of 480?
True
Does 23 divide 2921?
True
Is 10 a factor of 420?
True
Is 5372 a multiple of 34?
True
Is 2059 a multiple of 4?
False
Is 3049 a multiple of 2?
False
Is 1383 a multiple of 42?
False
Is 336 a multiple of 6?
True
Is 6076 a multiple of 98?
True
Is 4484 a multiple of 25?
False
Does 96 divide 38688?
True
Is 13 a factor of 19162?
True
Is 4 a factor of 52?
True
Is 664 a multiple of 8?
True
Does 11 divide 5498?
False
Does 38 divide 16303?
False
Does 26 divide 379?
False
Is 550 a multiple of 11?
True
Is 5564 a multiple of 7?
False
Is 109 a factor of 11050?
False
Is 82 a factor of 46999?
False
Is 67 a factor of 40602?
True
Is 248 a multiple of 12?
False
Is 21 a factor of 903?
True
Is 487 a factor of 38473?
True
Does 3 divide 4515?
True
Does 34 divide 2958?
True
Is 13 a factor of 543?
False
Is 2176 a multiple of 32?
True
Is 26 a factor of 780?
True
Is 12 a factor of 29131?
False
Is 15 a factor of 39765?
True
Does 17 divide 11320?
False
Is 7 a factor of 129?
False
Is 4 a factor of 7338?
False
Is 5 a factor of 67871?
False
Is 21 a factor of 82509?
True
Does 6 divide 7487?
False
Is 4 a factor of 2932?
True
Is 28650 a multiple of 11?
False
Is 16 a factor of 656?
True
Is 18 a factor of 655?
False
Does 40 divide 45?
False
Is 117 a factor of 7180?
False
Does 90 divide 40050?
True
Is 14 a factor of 1080?
False
Does 193 divide 73533?
True
Is 49 a factor of 2321?
False
Is 8 a factor of 44987?
False
Is 495 a multiple of 5?
True
Is 1088 a multiple of 69?
False
Is 84 a factor of 6216?
True
Does 15 divide 135?
True
Is 9750 a multiple of 5?
True
Is 112 a factor of 17231?
False
Is 9976 a multiple of 23?
False
Is 22 a factor of 265?
False
Is 5 a factor of 1180?
True
Is 18 a factor of 730?
False
Does 5 divide 4705?
True
Is 1610 a multiple of 35?
True
Does 14 divide 420?
True
Is 28 a factor of 756?
True
Is 20 a factor of 6962?
False
Does 32 divide 890?
False
Is 2994 a multiple of 6?
True
Is 846 a multiple of 3?
True
Is 2 a factor of 106?
True
Is 9 a factor of 3051?
True
Is 11 a factor of 76327?
False
Is 3481 a multiple of 55?
False
Does 23 divide 368?
True
Is 281 a multiple of 3?
False
Does 9 divide 695?
False
Is 12631 a multiple of 10?
False
Is 72 a factor of 43059?
False
Is 10633 a multiple of 49?
True
Is 28 a factor of 13328?
True
Is 789 a multiple o